- 3*x - 2353, 2*x = -2*w - 3*x + 1209. Suppose -4*z = 4*j - w, j + 158 = 4*z - 429. Suppose 0 = -7*h - 0*h + z. What are the prime factors of h?
3, 7
Let q(u) = 15*u**2 - 20*u + 225. What are the prime factors of q(13)?
2, 5
List the prime factors of 320 + 7 + (-2)/((-6)/(-15)).
2, 7, 23
Let q = 511 - 87. List the prime factors of q.
2, 53
What are the prime factors of -1*((-6)/(-14) + (-79352)/392)?
2, 101
Let l(x) = 26*x - 5 + 1 + 6 + 8. What are the prime factors of l(4)?
2, 3, 19
Let o(m) = -m**3 - 3*m**2 - 3*m + 3. Let b be o(-4). Let a = 33 - b. What are the prime factors of a?
2
Let b(t) = -11*t + 66. Let k be b(6). Suppose -4*y + k*y = -100. What are the prime factors of y?
5
Let o(i) = -30*i**2 + 83*i**2 + 0*i + 0*i. List the prime factors of o(-1).
53
Let w(h) = -6*h + 4*h + 7*h**3 + 3*h**2 + 5 - 4 + 7*h**3. What are the prime factors of w(1)?
2
Let k = -40 + 23. Let z = -14 - k. Suppose -z*i + 2 = -40. List the prime factors of i.
2, 7
Suppose 5*s = 3*b + 2*s - 9393, 0 = b + 4*s - 3121. List the prime factors of b.
3, 7, 149
Let o(f) = -f**2 - 8*f + 3. Let b(i) = -2*i**2 - 15*i + 5. Let z(s) = -3*b(s) + 5*o(s). Let v be z(-6). Let k(l) = 5*l - 14. List the prime factors of k(v).
2
Suppose -z - 217*l + 1975 = -215*l, 9903 = 5*z + 3*l. What are the prime factors of z?
3, 661
Let c(n) = n**3 - 34*n**2 - 14*n - 37. List the prime factors of c(35).
2, 349
Let c = -19 + 20. Suppose 4*b = -c - 3. Let l(v) = -26*v + 2. List the prime factors of l(b).
2, 7
Suppose 0 = -2*o + 4*o - 8. Suppose -5*b + 2*p + 66 = 0, 0 = -4*b + o*p - 0*p + 60. Suppose 2*x = 66 + b. What are the prime factors of x?
3, 13
Suppose -4*k = -2*j - 84, -j + 5 = k - 19. Suppose -20*y + k*y - 84 = 0. Suppose 8*f = f + y. What are the prime factors of f?
2, 3
What are the prime factors of (-3 - -7)*(-3114)/(-72) - -4?
3, 59
Let p(x) = -56*x - 62. What are the prime factors of p(-19)?
2, 3, 167
Suppose -5*u - 4*c = -5 - 68, 8 = 4*c. Let k(x) = 3*x**2 - 28*x + 8. What are the prime factors of k(u)?
151
List the prime factors of (24/20*3)/((-50)/(-625)).
3, 5
Let b(h) = -h**3 + 2*h + 2. Let k be b(-2). Let c be (k + -31)*(-1 + 0). Suppose -24 = -r + c. What are the prime factors of r?
7
Let c(j) = -48*j**2 + 1. Let r be c(-2). Let u = -91 - r. List the prime factors of u.
2, 5
Suppose 270 + 290 = 5*r. Suppose -11*s + r = -7*s. List the prime factors of s.
2, 7
Let f = 31 - 28. Suppose 0 = f*j - 5*g - 286, 0 = -4*j + 3*j - g + 98. What are the prime factors of j?
97
Let z = -50 + 29. Let q = -4 - z. Suppose q*i = 20*i - 87. List the prime factors of i.
29
Suppose -1053 + 3501 = 6*m. List the prime factors of m.
2, 3, 17
Let r(m) be the second derivative of -3*m**4/8 - 2*m**3/3 - 3*m**2/2 + m. Let z(v) be the first derivative of r(v). What are the prime factors of z(-3)?
23
Let l be 1/(-3) - 14/3. Let v(u) = -u - 1. Let m be v(l). Suppose -m*g + 5*g = 31. List the prime factors of g.
31
Let o(c) = 5*c - 48. Let f be o(10). Suppose 4*w = -6*v + v + 273, -w + f*v = -52. What are the prime factors of w?
2, 31
Suppose 3*h = -2*o + 94, o - 40 = -h - 4*o. Suppose 4*x = 4*t + 12, t + 5*x = -3 + h. Suppose w - 57 = -t*w. List the prime factors of w.
19
List the prime factors of 36/(-378) - 8465*(-2)/42.
13, 31
Let c = 27 + -23. Suppose 0 = -c*x - 35 - 17. What are the prime factors of (-483)/x + (-6)/39?
37
Let y = 29 + 28. Let p = y + -2. List the prime factors of p.
5, 11
Let j(f) = -14*f**2 + 8 - 3 + f**3 + 3*f + 12. List the prime factors of j(14).
59
Suppose 5*g + 7*u - 1027 = 5*u, 4*g = -4*u + 824. List the prime factors of g.
5, 41
Let a = 135 - -116. List the prime factors of a.
251
Let b be (18/(-36))/((-2)/312). Suppose b + 87 = 3*u. List the prime factors of u.
5, 11
Let n(l) = 9*l - 9. Let i(g) = -2*g. Let c(q) = -4*i(q) - n(q). Suppose 0*o - 3*o = 0. What are the prime factors of c(o)?
3
Suppose 0 = 3*d + 3*y + 2*y - 26, 0 = -d + 4*y - 14. Let v be d*5 - (-3 - -3). Let z = 17 + v. List the prime factors of z.
3
Suppose 3*s = -2*t + 2021, 6*t - 2689 = -4*s + 9*t. What are the prime factors of s?
673
Let t be (-121 - (0 + -4))*-2. Suppose 3*h = -3*h + t. List the prime factors of h.
3, 13
Let i(f) = -3 - 17*f**2 + 10*f**2 + 9*f**2 + 15*f. List the prime factors of i(-9).
2, 3
Suppose -4*w + 1192 = -3016. What are the prime factors of w?
2, 263
Suppose 829*r = 828*r + 1855. List the prime factors of r.
5, 7, 53
Suppose 20 = 4*h, -z - 52 = 2*h - 3*h. Let f be (-14)/5 + 2 + (-4491)/(-45). Let n = z + f. What are the prime factors of n?
2, 13
Let q(w) = -w**3 + 16*w**2 + 4*w - 30. Let c be q(16). Suppose -j + c = -17. List the prime factors of j.
3, 17
Let j(u) be the second derivative of -u**5/20 - 7*u**4/12 - 7*u**3/6 - u**2 - 20*u. List the prime factors of j(-6).
2
Let z(a) = -a**2 - 3*a + 10. Let f be z(-5). Suppose -3*s - 2*q + 229 = f, -4*q - 11 = 2*s - 161. What are the prime factors of s?
7, 11
Let h(s) = 766*s - 307. What are the prime factors of h(5)?
13, 271
Suppose 0 = -j + 2 + 5. Let v be ((-6)/(-5))/(j/(-350)). List the prime factors of ((-4)/(-10))/((-2)/v).
2, 3
Let v be 2/(-7) + (-115)/(-35). Suppose 2*b = -v*b. Suppose -3*t + 54 = 2*z - 98, -5*t - z + 258 = b. What are the prime factors of t?
2, 13
Let a be (6*1)/((-2)/(-11)). Suppose a = 5*z - 7. What are the prime factors of z?
2
Suppose -u + 99 = -2*y + 660, 1397 = 5*y + 3*u. List the prime factors of y.
2, 5, 7
Let v(l) = 3*l**2 + 4*l - 4. Let t be v(-4). Let f = -16 + t. Suppose f*c - 84 = 5*c. What are the prime factors of c?
2, 3
Suppose 0 = -2*p + y + 1, 0 = -3*p + 4*y - 2 - 9. Let o = 6 + -2. Suppose p*w = o*w - 28. What are the prime factors of w?
2, 7
List the prime factors of 300/18*(-816)/(-20).
2, 5, 17
Let k(p) = -3*p + 8. Let m be k(-4). Let i be (4*3)/(m/70). Suppose 0 = -5*n + 4*l + 278, 3*n + 4*l - i = 112. What are the prime factors of n?
2, 3
Suppose -15 - 27 = 6*s. What are the prime factors of (-296)/(-6) + s*2/(-21)?
2, 5
Let h(a) = -2*a**3 - 4*a**2 + 3. Let c be h(-3). Let j = -19 + c. Suppose 7*m - j*m = -10, 2*m = -r + 5. What are the prime factors of r?
3
Let w(t) = t**3 + 11*t**2 + 14. Let d be w(-11). Let g be 120/(-42)*d/(-4). Suppose -g = 5*z, n - 20 = 4*z + 9. List the prime factors of n.
3, 7
Let s(p) = 9*p**2 - 2*p + 1. Suppose 2*m = -2*m - 48. Let g be 4*2*3/m. What are the prime factors of s(g)?
41
Let q be 74 + 0/(-6 + 3). List the prime factors of (0 + q/3)/(1/3).
2, 37
Suppose -l - 2 = -4. Let n(p) = -33*p + 2*p**2 + 22*p + p**3 + 1 + 7*p**l. List the prime factors of n(-10).
11
Let b = -11 + 16. Suppose -5*o + 390 = 4*m, 2*o + 294 = 3*m + b*o. Suppose -m = -4*v + 36. List the prime factors of v.
2, 17
What are the prime factors of (-91)/((-1)/(-4) - (-17)/(-34))?
2, 7, 13
Let i(l) = 2*l**2 - l - 2. Suppose -2*m - f = -27, 4*m - 5*f = 59 + 2. Suppose 0 = 4*b - 2*y - m, 7*y - 2*y = 4*b - 17. List the prime factors of i(b).
13
Let g = 33 + -20. Let m = g - -10. Suppose -3*y + m = -i - 43, -95 = -4*y - i. What are the prime factors of y?
23
Let c = 48 - 5. Suppose -5*m + 4*m = 16. Let h = m + c. List the prime factors of h.
3
Suppose -r - 14 = 17. Let j = -29 - r. What are the prime factors of j?
2
List the prime factors of 827 + (-3 - (-5 - 1 - -1)).
829
Let d(m) = -13*m + 5*m - 5*m + 2*m**2 + 14 - 1. List the prime factors of d(7).
2, 5
Let i be (-8606)/(-34) - 12/102. Let w = -142 + i. List the prime factors of w.
3, 37
Suppose 4*f + 380 = 3*r - f, -3*r + 388 = -f. Suppose 2 = 4*a - r. What are the prime factors of a?
3, 11
Let q = 3030 + -1502. What are the prime factors of q?
2, 191
Let m(o) = o**2 - 6*o + 2. Let l be m(6). Suppose 0 = l*p + p - 165. Suppose 3*x - p = -2*d - 0*d, -3*d + x = -66. What are the prime factors of d?
23
Let l(f) = -f**2 - 17*f - 5. Let d be l(-17). Let s(j) = 2*j**2 - 7. Let m(q) = -2*q**2 + q + 8. Let v(a) = 4*m(a) + 6*s(a). List the prime factors of v(d).
2, 5, 7
Suppose -4*i = -2 - 6. Suppose f = -2*q + 6*f + 19, -i*q - 3*f = 5. Suppose 0 = -0*n - 3*n + 5*x + 50, -q*x + 43 = 3*n. List the prime factors of n.
3, 5
Let h = -101 - -147. List the prime factors of h.
2, 23
Suppose -6 - 30 = -3*b. List the prime factors of -1 + 201*4/b.
2, 3, 11
Suppose 0 = -116*h + 111*h + 4065. What are the prime factors of h?
3, 271
Let z be ((-24)/2)/(